a(f) = -8*f**3 - 26*f**2 - f - 3. Let k(i) = -4*a(i) + 11*b(i). What are the prime factors of k(5)?
3, 7
Suppose -2*o + 0*d + 5*d = -565, 0 = 3*o - 5*d - 860. What are the prime factors of o?
5, 59
Let p(r) be the second derivative of r**4/12 + 11*r**2/2 - 3*r. Let z = -1 - -1. What are the prime factors of p(z)?
11
Let b be 41 - (0 - -6)/3. Suppose 3*n + 0*n = b. List the prime factors of n.
13
Let m = -5 - -7. Suppose -p - o = -m*o - 3, 3*o + 13 = 4*p. Suppose n = -p*g + 29, 2 = -g + 2*n - 2. List the prime factors of g.
2, 3
Suppose -4*f + f + 15 = 0. Let m = f + 0. List the prime factors of m.
5
Let f(s) be the third derivative of -s**4/12 + 2*s**3/3 - s**2. Let x = -45 + 41. What are the prime factors of f(x)?
2, 3
Let k be 16/(-56) - (-23)/7. Suppose -5*q + 4*v + 48 = 0, -q + 3*q + 3*v = 33. Suppose -k*a = -q, 4*o + a - 6 = 34. What are the prime factors of o?
3
Let k = 14 - 27. Let v = k - -21. List the prime factors of 0/(0 - 1) + v.
2
Suppose -18 - 60 = -2*w. Suppose -r + w = -10. What are the prime factors of r?
7
Let u = 32 - 30. List the prime factors of u.
2
Let b(f) = -f**3 + 11*f**2 - 3*f + 12. List the prime factors of b(8).
2, 3, 5
Let g be (-18)/(-12)*2*5. Let i = -12 + g. List the prime factors of i.
3
Let w(x) = -x**2 - 8*x + 4. Let t be w(-7). Suppose -118 = -3*p + t. Suppose 0 = -4*b + p + 5. List the prime factors of b.
2, 3
Let p = -15 + 19. Suppose p*i = 2*u + 168, 0 = 3*u + 10 - 4. What are the prime factors of i?
41
Let h(m) = -12*m - 15. List the prime factors of h(-4).
3, 11
Let l(r) = -r**3 + 12*r**2 - 6*r - 10. List the prime factors of l(11).
3, 5
Suppose -t = -c - 2*t + 6, 0 = 2*t. Let s = -4 + c. List the prime factors of s.
2
Let f(k) = k - 2. Let l be f(3). Suppose v - 18 = -i + l, -25 = -5*v. What are the prime factors of i?
2, 7
Suppose 5*p = x + 34, 2*p = x - 5*x + 18. Suppose a = -b + 12, -2*b - 2*a = -p*b + 32. What are the prime factors of b?
2
Let h = 47 + -13. What are the prime factors of h?
2, 17
Let n(u) = u**3 - 4*u**2 + 2*u - 5. Suppose 0*g = g - 4. List the prime factors of n(g).
3
Let i = 62 - 17. What are the prime factors of i?
3, 5
Let y = -37 + 110. List the prime factors of y.
73
Suppose 2*t - 267 = k, 3*k - 8*k + 527 = 4*t. What are the prime factors of t/15 - 4/(-30)?
3
Let o be ((-2)/5)/((-3)/30). Suppose -t = 6*y - o*y - 8, -t + 3*y = -18. List the prime factors of t.
2, 3
Let g(t) = 8*t + t**2 + t**3 + 3 + 7*t**2 - 9. Let j be g(-6). What are the prime factors of j/(2*(-2)/(-4))?
2, 3
Let p(n) be the first derivative of -n**4/4 - n**3/3 + 14*n + 5. List the prime factors of p(0).
2, 7
Let t(q) = q**3 + 7*q**2 + 6*q - 8. Let j be t(-6). Let y = 12 + j. Suppose -2*r + 9 = y*m - 3*m, -r - m = -6. List the prime factors of r.
3
Let f(i) = i**3 + 4*i**2 - 7*i - 4. Let g = -1 - -5. Suppose -2*m + 15 = -5*u, g*m - 5 = -0*u + 5*u. What are the prime factors of f(u)?
2, 3
Let t = -27 - -32. What are the prime factors of t?
5
Suppose -w + 65 = 5*h, 0 = 3*w + 2*w - 2*h - 298. List the prime factors of w.
2, 3, 5
Let k be (-12)/8*(1 - -1). What are the prime factors of (-399)/(-9) + 1/k?
2, 11
Suppose -2 = -4*x + 2*x. Let r(b) = 6*b - 1. Let n be r(x). Let v = n + -2. What are the prime factors of v?
3
Let t = 486 + -289. What are the prime factors of t?
197
Suppose 4*j + m - 19 = 0, -m + 4*m = 5*j - 45. Suppose 0 = h - j*h + 205. What are the prime factors of h?
41
Let a(k) = k**2 + 11*k - 1. Let c be a(-6). Let l = -18 - c. List the prime factors of -2*(-2)/4 + l.
2, 7
Suppose -4*a + 2*z = -2*a - 4, a - 5*z = -6. Let i be (-3)/6 + 46/a. Let u = 18 - i. What are the prime factors of u?
7
Suppose -5*m - 4 = 3*c + 1, 4*m - c = 13. Let g = -1 + m. Let q = g + 2. List the prime factors of q.
3
Let m(l) = 2*l**2 - 1 + l + 3*l**2 - 2*l - 4*l**2. List the prime factors of m(3).
5
Suppose 2*o = -o - 297. List the prime factors of 3/4 + o/(-12).
3
Suppose c - 4*m = 22, c = -2*c + 2*m + 116. Suppose -4*v = -c - 94. Let b = v + -23. What are the prime factors of b?
11
Let n(x) = -8*x**2 - 8. Let f(p) = -2*p**2 - 2. Let r(h) = -9*f(h) + 2*n(h). What are the prime factors of r(2)?
2, 5
Suppose -2*o = -5*c + 146, 0*c + c = 2*o + 34. List the prime factors of c.
2, 7
Suppose -5*d + 103 = -2*u, 4*d - 62 = d + u. Suppose p - d - 36 = 0. What are the prime factors of p?
3, 19
Suppose 2*y - 1 = -3. What are the prime factors of y*32*(-2 - -1)?
2
Let u(f) = 2*f**3 - 2*f**2 - 4*f. Let l be u(-3). List the prime factors of 24/l - (-112)/5.
2, 11
Let v(z) = -z + 10. Let g be v(14). Let f(s) = -s**2 + s - 10. Let l be f(0). Let o = g - l. What are the prime factors of o?
2, 3
Let g(h) = -h**2 + 6*h + 5. Let s be g(7). What are the prime factors of 1 - (-4 - s) - 0?
3
Suppose -4*l + 0*l = -224. Suppose 3*p - l = -p. What are the prime factors of p?
2, 7
Let o(q) = -q**2 + 5*q - 6. Let f be o(4). Let n = 6 + f. Let l = 12 - n. List the prime factors of l.
2
Let w = 162 - 68. What are the prime factors of w?
2, 47
Let m = -29 + 19. What are the prime factors of m/25 + (-204)/(-10)?
2, 5
Let f(a) = a**3 - 11*a**2 - 12*a + 3. Let r be f(12). List the prime factors of (0 + r - 5) + 9.
7
Suppose 35*j - 30*j - 385 = 0. List the prime factors of j.
7, 11
Let l = -41 - -58. Let f = l - 12. Suppose -2*k + 43 = 4*v - f, 0 = 5*v + 5*k - 60. List the prime factors of v.
2, 3
Suppose 14*p - 38 - 2622 = 0. What are the prime factors of p?
2, 5, 19
Let j be ((-6)/4)/((-6)/8). Let x be ((-57)/(-6) + 2)*j. Let f = x + -16. What are the prime factors of f?
7
Let l(a) = a**2 - 2*a. Let c be l(2). Let w be (1 + 2)/(15/10). Suppose -31 = -3*b - w*y, -5*b - 3*y = -c*y - 52. List the prime factors of b.
11
Let r(j) = -j**3 - 6*j**2 - 13*j - 15. List the prime factors of r(-7).
5
Suppose -3*h = 2*a - a - 17, -15 = -3*h. List the prime factors of a.
2
Suppose c - 80 = -0*c - 3*j, 5*j = 3*c - 254. List the prime factors of c.
83
Let k = -5 - -6. Let t(m) = 0*m**2 + m**2 - 1 - k - m. List the prime factors of t(3).
2
Suppose g - 4*l - 101 = 0, -4*g - 101 = -5*g - 3*l. List the prime factors of g.
101
Suppose 5*r + 8*h = 3*h + 135, 3*r = -5*h + 71. List the prime factors of r.
2
Let r = 0 - -36. Let y = r - 20. List the prime factors of y.
2
Let u(g) = -g**3 - 3*g**2 + 5*g - 3. Let t be u(-4). Let b = 12 + t. Suppose b*m - 7 = 4*m. What are the prime factors of m?
7
Suppose 5*f = 4*d - 3*d - 49, -2*d - 5*f + 53 = 0. What are the prime factors of d?
2, 17
Suppose -2*r = -2*h - h - 17, 0 = -4*h + 4. Let o(i) = i**2 - 7*i - 2. List the prime factors of o(r).
2, 7
Let u(f) = 3*f**2 + 2*f - 3. Let r be u(-3). Let o = -14 + r. What are the prime factors of o?
2
What are the prime factors of 4/1 - (1 - 4)?
7
Let n(m) = m**3 - 5*m**2 - 6*m - 8. List the prime factors of n(7).
2, 3
Let w(l) = -23*l**2 - 5*l + 2. Let x be w(3). What are the prime factors of (x/(-15))/((-2)/(-3))?
2, 11
Let l(d) = d - 2. Let w be l(5). Let s = w - 3. Suppose -3*c + 2*c + 10 = s. What are the prime factors of c?
2, 5
Suppose -4*y + 2*g + 104 = -2*g, -2*y - 3*g = -37. What are the prime factors of y?
23
Let w be 72/4 - 1/1. Let n = 32 - w. What are the prime factors of 22/(5/(n/6))?
11
Let w(t) = 2*t - 11. Let o = 17 - 7. List the prime factors of w(o).
3
Suppose 2*c = 5*r - 63 - 15, -3*c + 44 = 4*r. Let h be (-4)/(-14) + (-4)/r. Suppose h*l + 4 = l. What are the prime factors of l?
2
Suppose -2*d - 76 = -2*b, 2*b + b - 90 = -5*d. What are the prime factors of b?
5, 7
Let h = -1 + -4. Let u = h + 8. What are the prime factors of (4/5)/(u/15)?
2
Let v = 65 + -46. List the prime factors of v.
19
Let k = -5 - -2. Let j(x) = x - 3. Let l be j(k). What are the prime factors of ((-4)/l)/((-1)/(-9))?
2, 3
Let z = 228 + -104. List the prime factors of z.
2, 31
Suppose 3*t + 20 = t. Let p = t + 14. What are the prime factors of p/(-2 + 7/3)?
2, 3
List the prime factors of (-76)/4*-3 - -3.
2, 3, 5
List the prime factors of (4 - (-1 + 3))/1.
2
Let r be 2/(-6) - 21/(-9). Suppose r*m + 13 = 3*m. What are the prime factors of m?
13
What are the prime factors of ((-6)/5)/((-20)/1350)?
3
Let p = -38 - -73. What are the prime factors of p?
5, 7
Let i(v) = 2*v + 1. Let s be (-2 + 1)/1 + -2. Let k be i(s). Let x = 5 - k. List the prime factors of x.
2, 5
List the prime factors of -2 + 1 + 3